n(28).
16
Let x = -7552 + 7618. Let r(l) = -l**3 + 8*l**2 - 4*l - 4. Calculate the remainder when x is divided by r(7).
15
What is the remainder when 491 is divided by (-1003 - -923)/((3/(-2) + 1)/1)?
11
Suppose -8*g = -805 - 227. What is the remainder when g is divided by 10?
9
Let b = 68 + -68. Let q be b + 6 + 4 + -1. What is the remainder when 24 is divided by 4/(-12) + 84/q?
6
Let z = -5 - -2. Let m be z + (-2 - -9) - 0. Suppose m*n = 95 - 11. Calculate the remainder when 124 is divided by n.
19
Let c be 15/7*(-938)/(-402). Let y = 2 + 3. Suppose -o - 320 = -y*o + 4*j, 2*o + c*j - 146 = 0. Calculate the remainder when o is divided by 10.
8
Let w = -6472 + 6481. What is the remainder when 555 is divided by w?
6
Suppose -4414 = -2*k + 2552. Calculate the remainder when k is divided by 41.
39
What is the remainder when 369 is divided by (-1524)/(-33) - (12/66)/1?
1
Let s be 232 - 0 - 5*1/5. Let p = -213 + s. What is the remainder when (11/(-3))/(5/(-90)) is divided by p?
12
Let o = 117 + 274. Calculate the remainder when o is divided by 59.
37
Suppose -586 = -18*t + 9098. Calculate the remainder when t is divided by 23.
9
Let l = 229 + 31. What is the remainder when l is divided by 83?
11
Suppose a = 3*t - 441, 5*a - 322 = -3*t + 119. Suppose 4 = 4*b, -2*b + 32 = -1035*f + 1040*f. Calculate the remainder when t is divided by f.
3
Suppose -579 + 4083 = 8*x. Suppose -2 = -b - 4, -3*b + x = 2*y. What is the remainder when y is divided by 45?
42
Suppose 2*m - 17 = -2*m + r, -20 = 4*r. Let i be 108/14 - 2/(-7). What is the remainder when 88 is divided by (-2 + i)*m/18 - -24?
13
Let w = -11 + 205. Let h = w - 169. Calculate the remainder when 70 is divided by h.
20
Let v(s) = -9*s - 23. Let l be v(-3). Suppose n + 6*k = 7*k + 68, 0 = -l*n + 5*k + 272. What is the remainder when n is divided by 23?
22
Suppose -3*h - 4*f = -543, -6*h - 3*f - 181 = -7*h. What is the remainder when h is divided by 62?
57
Suppose -2*w + 4*w - 86 = 0. Calculate the remainder when ((-960)/84 + 11)*-497 is divided by w.
41
Suppose 0 = 177*n - 181*n + 1780. Let a = 704 - n. Calculate the remainder when a is divided by 50.
9
Let n be (-1)/(4 - (-1 - (-236)/48)). Let q = n + 15. Suppose y + q*m = m + 38, 5*y + 3*m - 197 = 0. What is the remainder when 155 is divided by y?
35
Let a be (-2)/1 - (-66 - -1298). What is the remainder when (-50)/75 + (a/3)/(-2) is divided by 53?
46
What is the remainder when 848 is divided by ((-45)/(-6))/(((-312)/2672)/(-13))?
13
Calculate the remainder when -1 - 1 - (-1042 + 595) is divided by 147.
4
Let n(v) = v**3 - 10*v**2 + 10*v - 5. Let s be n(9). Suppose 5*k = -3*c + 212, 0 = 18*k - 15*k + s*c - 136. What is the remainder when 156 is divided by k?
36
Let d be 2/((-4)/18*-3) - 5. Let w be 0/d + (0 + -202)/2. Let o = w + 138. Calculate the remainder when o is divided by 10.
7
Suppose -3832*j - 672 = -3856*j. Calculate the remainder when 670 is divided by j.
26
Let o be ((-8)/5)/((-16)/40). Suppose 0*x + 3*x - 1485 = -o*m, -1860 = -5*m - 3*x. Calculate the remainder when m is divided by 29.
27
Let z(a) = 34*a - 820. What is the remainder when 3440 is divided by z(28)?
8
Suppose 15070*b = 15055*b + 645. What is the remainder when 2449 is divided by b?
41
Let k(y) = 21*y**3 + 2*y**2 - y - 1. Suppose 0*p + 3 = 3*p. Suppose -p = r - 13. What is the remainder when k(1) is divided by r?
9
Let t = 167 + -99. Let s(j) = -204*j**3 + 4*j + 3. What is the remainder when s(-1) is divided by t?
67
Suppose 141 = 6*h - 3*h. Let b = -593693 + 593717. What is the remainder when h is divided by b?
23
Let o = -55 - -56. Let a be ((-2 - -1)*2 - 5)*-4. Suppose y - 10 = -5*r, -3*r + 4*y = 9*y - a. What is the remainder when o is divided by r?
0
Let j = -2848 - -2935. What is the remainder when 942 is divided by j?
72
Let f(i) = -3*i**3 + 46*i**2 - 12*i + 18. Let g(v) = -v**2 + 11*v + 117. Let n be g(17). Calculate the remainder when f(n) is divided by 8.
7
Let y(f) = -2*f + 1. Let x be y(1). Let u(h) = -3278*h**2 - 3229*h**2 + 6682*h**2 - h + 0*h. Calculate the remainder when u(x) is divided by 59.
58
Suppose -103*c + 106*c = 3315. Calculate the remainder when c is divided by 14.
13
Suppose -4*n + 258 = -6*n. Let j = n + 205. Let i = -22 - -48. What is the remainder when j is divided by i?
24
Let v(l) = l**3 - l**2 - 31*l + 6. Let r be v(6). Suppose 5*d + 2*w = 28 + 20, r = 3*d + 4*w - 40. What is the remainder when d is divided by (-18)/(-4)*4/6?
2
Let o(g) = 2*g**3 - 5*g**2 + g + 2. Let i(c) = -188*c**2 + 3572*c + 34. Calculate the remainder when i(19) is divided by o(3).
6
Suppose -1807*a - 3068 = -1866*a. Calculate the remainder when 629 is divided by a.
5
Suppose 4*r - 9 = 3*h + 28, r + 3*h - 28 = 0. Suppose 3*p - 5*l + 1 = 0, 3*l = 4*p - 2*l - 2. Suppose 8 = i + p. What is the remainder when r is divided by i?
3
Let o(k) = 5*k. Let p be o(1). Suppose 12 = -3*m - p*x + 36, 2*m + 4*x = 16. Suppose 39 = h - m. Calculate the remainder when h is divided by 10.
7
What is the remainder when ((-7)/(-4))/(-7)*(-1513 + 21) is divided by 97?
82
What is the remainder when 362 is divided by 54/(-63) - ((-780)/28 - 4)?
21
Let n(s) = 95*s**2 - 7*s - 5. Calculate the remainder when n(-1) is divided by 64.
33
Let o be 33/(-6)*(-11)/((-44)/8). Let v = 68 + o. What is the remainder when v is divided by 20?
17
Let c(u) = -9*u + 110. Calculate the remainder when c(-11) is divided by 35.
34
Let y(h) = 5*h**2 - 117*h + 613. Calculate the remainder when y(5) is divided by 13.
10
Let t(v) = -102*v + 1975. Suppose 6*a + 3*n = 3*a + 24, -3*a = -n - 16. Calculate the remainder when t(19) is divided by a.
1
What is the remainder when 2656 is divided by 131 - (-6)/(-45)*20*9/(-12)?
129
Let a be (8/(-3))/(77/(-63) + 1). Suppose -a*z = -3*z - 441. Calculate the remainder when z is divided by 19.
11
Suppose -5*b + 4*b = p - 75, 4*b - 300 = p. Let t = b - 71. Calculate the remainder when (122/(-8))/(t*5/(-80)) is divided by 13.
9
Suppose 2*i = -0*i + 30. Let h(q) = 5*q + 68. Let k be h(-15). Let x(y) = -y**3 - 6*y**2 - 2*y - 59. Calculate the remainder when i is divided by x(k).
3
Suppose 0 = -479*u + 465*u + 196. Calculate the remainder when 221 is divided by u.
11
Suppose -105 = -4*y + 119. Suppose -4*r + 9*r - 455 = 0. Suppose -11*x + 118 = -r. Calculate the remainder when y is divided by x.
18
Let c(a) be the second derivative of -a**5/20 + 5*a**4/6 - 3*a**2 - 17*a. Let q be c(10). What is the remainder when 8 is divided by 0*(0 + (-3)/q) + 5?
3
Suppose -21*h = -13*h - 14776. What is the remainder when h is divided by 919?
9
Suppose 2*u = 30*g - 27*g - 562, -5*u + 20 = 0. Calculate the remainder when 2277 is divided by g.
187
Suppose -3*l + 848 - 43 = x, 0 = 5*l + 3*x - 1347. Suppose -l = -3*w - 0*w. What is the remainder when 63 is divided by w/7 + (-2 - 96/(-42))?
11
Suppose 0 = -k - r - 14, -28 = 2*k - r - 2*r. Calculate the remainder when 45 is divided by 40/140 - (2 + 136/k).
5
Suppose 0 = 4*l - 0*l - 5*j - 120, 0 = 2*l - 4*j - 66. Suppose 5*h = -0*h + l. Let a = 13 + h. What is the remainder when a is divided by 5?
3
Let c be (-4*(-3)/(-36))/(2/60). Let t = 9 - c. What is the remainder when 167 is divided by t?
15
Let m = 222 - 102. Let l = 139 - m. Calculate the remainder when 74 is divided by l.
17
Suppose 8*t = 1462 - 254. Suppose -6 = 3*s, c - s - 3*s - 70 = 0. Suppose 2*g = 14 + c. What is the remainder when t is divided by g?
37
Suppose 5*c = -5*y + 25, -6*c + 6 = -7*c. Calculate the remainder when 423 is divided by y.
5
Suppose -2*f = -2*r + 5*r - 121, 0 = 3*r + 15. Let p = f + -66. Suppose 5*u + 3*s = 106, -p*s - 2*s = -8. Calculate the remainder when 46 is divided by u.
6
Let i(r) = -25*r - 94. Suppose 0 = 3*n + n + 28. Let d(z) = 38*z + 141. Let v(o) = n*i(o) - 5*d(o). Calculate the remainder when v(-11) is divided by 31.
25
Let v(i) = -5231*i + 5. Let y be v(-1). Let n be (-4)/12 + 0 + y/12. Suppose -3*g + n = -g. What is the remainder when g is divided by 11?
9
Let t(l) = 12*l**3 + l**2 + 4*l + 145. Calculate the remainder when 2182 is divided by t(0).
7
Suppose -4187 = -1220*c + 1167*c. What is the remainder when 390 is divided by c?
74
Suppose 264 = 4*b - 0*b. Suppose 2*c - b = -104. Let k = c + 47. What is the remainder when k is divided by 15?
13
Suppose 2*r + 